{"id":4011,"date":"2024-09-12T20:03:09","date_gmt":"2024-09-12T18:03:09","guid":{"rendered":"https:\/\/gemologiacienciaschool.com\/?post_type=product&#038;p=4011"},"modified":"2026-04-13T16:51:52","modified_gmt":"2026-04-13T14:51:52","slug":"curso-de-gemologia-comercial-modalidad-mixta","status":"publish","type":"product","link":"https:\/\/gemologiacienciaschool.com\/?product=curso-de-gemologia-comercial-modalidad-mixta","title":{"rendered":"Curso de Gemologia Comercial modalidad mixta"},"content":{"rendered":"<p>Curso de identificaci\u00f3n de las gemas m\u00e1s importantes del sector de la Joyer\u00eda. Haciendo hinmcapi\u00e9 en el uso de la lupa de 10x.<br \/>\nEl curso consta de una parte t\u00e9orica que se realiza a trav\u00e9s de la escuela virtual y una parte pr\u00e1ctica presencial que consta de 3 fines de semana ( Viernes tarde de 17:00 a 20:OO horas, s\u00e1bado de 10 a 14:00 y de 16:00 a 20:00 horas y domingo de 10:00 a 14:00 horas) Consultar fechas.<\/p>\n<p>Lugar: C\/Matalascabras 9 Cercedilla (Madrid)<\/p>\n","protected":false},"excerpt":{"rendered":"<p>Curso de identificaci\u00f3n de las gemas m\u00e1s importantes del sector de la Joyer\u00eda. Haciendo hinmcapi\u00e9 en el uso de la lupa de 10x. El curso consta de una parte t\u00e9orica que se realiza a trav\u00e9s de la escuela virtual y una parte pr\u00e1ctica presencial que consta de 3 fines de semana ( Viernes tarde de 17:00 a 20:OO horas, s\u00e1bado de 10 a 14:00 y de 16:00 a 20:00 horas y domingo de 10:00 a 14:00 horas) Consultar fechas. Lugar: C\/Matalascabras 9 Cercedilla (Madrid)<\/p>\n","protected":false},"featured_media":4200,"comment_status":"open","ping_status":"closed","template":"","meta":{"_crdt_document":"{\"document\":\"AAAG9N3m0gYSDQiaAaoOAQYaAgECCkoAHSgDJwAEACcABAAnACgDJwAoCycABwAoAycAKAAn4wivCHN0YXRldmVyc2lvbmRvY3VtZW50ZGF0ZWRvY3VtZW50c2x1Z2RvY3VtZW50c3RhdHVzZG9jdW1lbnR0aXRsZUN1cnNvIGRlIEdlbW9sb2dpYSBDb21lcmNpYWwgbW9kYWxpZGFkIG1peHRhZG9jdW1lbnRjb250ZW50Q3Vyc28gZGUgaWRlbnRpZmljYWNpw7NuIGRlIGxhcyBnZW1hcyBtw6FzIGltcG9ydGFudGVzIGRlbCBzZWN0b3IgZGUgbGEgSm95ZXLDrWEuIEhhY2llbmRvIGhpbm1jYXBpw6kgZW4gZWwgdXNvIGRlIGxhIGx1cGEgZGUgMTB4LiANCkVsIGN1cnNvIGNvbnN0YSBkZSB1bmEgcGFydGUgdMOpb3JpY2EgcXVlIHNlIHJlYWxpemEgYSB0cmF2w6lzIGRlIGxhIGVzY3VlbGEgdmlydHVhbCB5IHVuYSBwYXJ0ZSBwcsOhY3RpY2EgcHJlc2VuY2lhbCBxdWUgY29uc3RhIGRlIDMgZmluZXMgZGUgc2VtYW5hICggVmllcm5lcyB0YXJkZSBkZSAxNzowMCBhIDIwOk9PIGhvcmFzLCBzw6FiYWRvIGRlIDEwIGEgMTQ6MDAgeSBkZSAxNjowMCBhIDIwOjAwIGhvcmFzIHkgZG9taW5nbyBkZSAxMDowMCBhIDE0OjAwIGhvcmFzKSBDb25zdWx0YXIgZmVjaGFzLg0KDQpMdWdhcjogQy9NYXRhbGFzY2FicmFzIDkgQ2VyY2VkaWxsYSAoTWFkcmlkKQ0KZG9jdW1lbnRleGNlcnB0ZG9jdW1lbnRmZWF0dXJlZF9tZWRpYWRvY3VtZW50Y29tbWVudF9zdGF0dXNkb2N1bWVudHBpbmdfc3RhdHVzZG9jdW1lbnR0ZW1wbGF0ZWRvY3VtZW50bWV0YWFkdmFuY2VkX3Nlb19kZXNjcmlwdGlvbmpldHBhY2tfc2VvX2h0bWxfdGl0bGVqZXRwYWNrX3Nlb19ub2luZGV4amV0cGFja19wb3N0X3dhc19ldmVyX3B1Ymxpc2hlZGpldHBhY2tfcHVibGljaXplX21lc3NhZ2VqZXRwYWNrX3B1YmxpY2l6ZV9mZWF0dXJlX2VuYWJsZWRqZXRwYWNrX3NvY2lhbF9wb3N0X2FscmVhZHlfc2hhcmVkamV0cGFja19zb2NpYWxfb3B0aW9uc193cGFzX2N1c3RvbWl6ZV9wZXJfbmV0d29ya2RvY3VtZW50cHJvZHVjdF9icmFuZGRvY3VtZW50cHJvZHVjdF9jYXRkb2N1bWVudHByb2R1Y3RfdGFnZG9jdW1lbnRibG9ja3NjbGllbnRJZGlzVmFsaWRvcmlnaW5hbENvbnRlbnRuYW1lYXR0cmlidXRlc2NvbnRlbnRpbm5lckJsb2NrcwUHCAQIBAgGCAUsCAePBwgHCA4IDggLSAEEGBYTHxkhIhYbCA0ICwgLCAYIBw8ECgcLDwEEAAABAAAAAQUACAEDAAdCAQEAQQAAAkEXASMAfQF3EzIwMjQtMDktMTJUMjA6MDM6MDl3LGN1cnNvLWRlLWdlbW9sb2dpYS1jb21lcmNpYWwtbW9kYWxpZGFkLW1peHRhdwdwdWJsaXNofahBdwRvcGVudwZjbG9zZWR3AHcAdwB5eXcAeHh2AhhpbWFnZV9nZW5lcmF0b3Jfc2V0dGluZ3N2BAh0ZW1wbGF0ZXcHaGlnaHdheRBkZWZhdWx0X2ltYWdlX2lkfQAEZm9udHcAB2VuYWJsZWR5B3ZlcnNpb259Anl1AHUAdQB3JGY4OTE0NWQ2LTI5ODctNGU4NS1hMGZjLWY2NDE5MTYwNjEyNnh35AM8cD5DdXJzbyBkZSBpZGVudGlmaWNhY2nDs24gZGUgbGFzIGdlbWFzIG3DoXMgaW1wb3J0YW50ZXMgZGVsIHNlY3RvciBkZSBsYSBKb3llcsOtYS4gSGFjaWVuZG8gaGlubWNhcGnDqSBlbiBlbCB1c28gZGUgbGEgbHVwYSBkZSAxMHguPGJyIC8+CkVsIGN1cnNvIGNvbnN0YSBkZSB1bmEgcGFydGUgdMOpb3JpY2EgcXVlIHNlIHJlYWxpemEgYSB0cmF2w6lzIGRlIGxhIGVzY3VlbGEgdmlydHVhbCB5IHVuYSBwYXJ0ZSBwcsOhY3RpY2EgcHJlc2VuY2lhbCBxdWUgY29uc3RhIGRlIDMgZmluZXMgZGUgc2VtYW5hICggVmllcm5lcyB0YXJkZSBkZSAxNzowMCBhIDIwOk9PIGhvcmFzLCBzw6FiYWRvIGRlIDEwIGEgMTQ6MDAgeSBkZSAxNjowMCBhIDIwOjAwIGhvcmFzIHkgZG9taW5nbyBkZSAxMDowMCBhIDE0OjAwIGhvcmFzKSBDb25zdWx0YXIgZmVjaGFzLjwvcD4KPHA+THVnYXI6IEMvTWF0YWxhc2NhYnJhcyA5IENlcmNlZGlsbGEgKE1hZHJpZCk8L3A+dw1jb3JlL2ZyZWVmb3Jtd+QDPHA+Q3Vyc28gZGUgaWRlbnRpZmljYWNpw7NuIGRlIGxhcyBnZW1hcyBtw6FzIGltcG9ydGFudGVzIGRlbCBzZWN0b3IgZGUgbGEgSm95ZXLDrWEuIEhhY2llbmRvIGhpbm1jYXBpw6kgZW4gZWwgdXNvIGRlIGxhIGx1cGEgZGUgMTB4LjxiciAvPgpFbCBjdXJzbyBjb25zdGEgZGUgdW5hIHBhcnRlIHTDqW9yaWNhIHF1ZSBzZSByZWFsaXphIGEgdHJhdsOpcyBkZSBsYSBlc2N1ZWxhIHZpcnR1YWwgeSB1bmEgcGFydGUgcHLDoWN0aWNhIHByZXNlbmNpYWwgcXVlIGNvbnN0YSBkZSAzIGZpbmVzIGRlIHNlbWFuYSAoIFZpZXJuZXMgdGFyZGUgZGUgMTc6MDAgYSAyMDpPTyBob3Jhcywgc8OhYmFkbyBkZSAxMCBhIDE0OjAwIHkgZGUgMTY6MDAgYSAyMDowMCBob3JhcyB5IGRvbWluZ28gZGUgMTA6MDAgYSAxNDowMCBob3JhcykgQ29uc3VsdGFyIGZlY2hhcy48L3A+CjxwPkx1Z2FyOiBDL01hdGFsYXNjYWJyYXMgOSBDZXJjZWRpbGxhIChNYWRyaWQpPC9wPgA=\",\"updateId\":205907063}","advanced_seo_description":"","jetpack_seo_html_title":"","jetpack_seo_noindex":false,"jetpack_publicize_message":"","jetpack_publicize_feature_enabled":true,"jetpack_social_post_already_shared":true,"jetpack_social_options":{"image_generator_settings":{"template":"highway","default_image_id":0,"font":"","enabled":false},"version":2},"_wpas_customize_per_network":false},"product_brand":[],"product_cat":[],"product_tag":[],"class_list":{"0":"post-4011","1":"product","2":"type-product","3":"status-publish","4":"has-post-thumbnail","6":"post","8":"first","9":"instock","10":"purchasable","11":"product-type-simple"},"jetpack_publicize_connections":[],"jetpack_likes_enabled":true,"jetpack_sharing_enabled":true,"jetpack-related-posts":[],"_links":{"self":[{"href":"https:\/\/gemologiacienciaschool.com\/index.php?rest_route=\/wp\/v2\/product\/4011","targetHints":{"allow":["GET"]}}],"collection":[{"href":"https:\/\/gemologiacienciaschool.com\/index.php?rest_route=\/wp\/v2\/product"}],"about":[{"href":"https:\/\/gemologiacienciaschool.com\/index.php?rest_route=\/wp\/v2\/types\/product"}],"replies":[{"embeddable":true,"href":"https:\/\/gemologiacienciaschool.com\/index.php?rest_route=%2Fwp%2Fv2%2Fcomments&post=4011"}],"wp:featuredmedia":[{"embeddable":true,"href":"https:\/\/gemologiacienciaschool.com\/index.php?rest_route=\/wp\/v2\/media\/4200"}],"wp:attachment":[{"href":"https:\/\/gemologiacienciaschool.com\/index.php?rest_route=%2Fwp%2Fv2%2Fmedia&parent=4011"}],"wp:term":[{"taxonomy":"product_brand","embeddable":true,"href":"https:\/\/gemologiacienciaschool.com\/index.php?rest_route=%2Fwp%2Fv2%2Fproduct_brand&post=4011"},{"taxonomy":"product_cat","embeddable":true,"href":"https:\/\/gemologiacienciaschool.com\/index.php?rest_route=%2Fwp%2Fv2%2Fproduct_cat&post=4011"},{"taxonomy":"product_tag","embeddable":true,"href":"https:\/\/gemologiacienciaschool.com\/index.php?rest_route=%2Fwp%2Fv2%2Fproduct_tag&post=4011"}],"curies":[{"name":"wp","href":"https:\/\/api.w.org\/{rel}","templated":true}]}}